etermine g(18).
142
Let z(j) = j**3 - 39*j**2 - 553*j - 35. Give z(-11).
-2
Let h(k) = -k**3 + 15*k**2 - 13*k + 197. Give h(15).
2
Let k(x) = -x**2 - 157*x + 2720. Calculate k(-173).
-48
Let a(g) = -g**2 - 17*g - 43. What is a(-16)?
-27
Let h(t) = -t**2 + 37*t + 2306. What is h(-34)?
-108
Let l(w) = -48*w**2 - w - 16. Determine l(-3).
-445
Let r(d) = -44*d + 219. Give r(6).
-45
Let b(q) = 3*q**2 + 32*q - 42. Give b(-12).
6
Let z(i) = 10*i**2 - 74*i - 3. Give z(5).
-123
Let j(k) = -44*k - 1025. What is j(-13)?
-453
Let u(b) = -b**3 - 2*b**2 + 14*b - 52. Determine u(8).
-580
Let s(j) = 41*j - 86. Calculate s(3).
37
Let n(t) = -t**2 - 18*t + 172. What is n(6)?
28
Let z(j) = j**2 - 207*j - 1063. Calculate z(-5).
-3
Let j(y) = -639*y - 197. What is j(0)?
-197
Let h(l) = -l**2 + 45*l - 291. What is h(8)?
5
Let z(k) = k + 161. Determine z(50).
211
Let m(l) = -l**3 + 12*l**2 - 24*l - 7. Calculate m(9).
20
Let f(d) = d**2 + 36*d - 187. What is f(-44)?
165
Let g(h) = 2*h + 50. Calculate g(7).
64
Let c(v) = -19*v - 3564. Give c(-190).
46
Let y(n) = -356*n - 2110. Give y(-6).
26
Let c(k) = k**3 + 16*k**2 + 9*k + 42. Give c(-14).
308
Let w(u) = u**2 + 29*u + 191. Give w(-9).
11
Let y(s) = 4*s**2 + 109*s - 929. Determine y(8).
199
Let c(t) = -t**2 - 79*t - 428. Give c(-6).
10
Let g(m) = 6*m**2 - 226*m + 920. What is g(33)?
-4
Let b(u) = 11*u**2 - 143*u - 20. What is b(13)?
-20
Let y(l) = -6*l**2 - 106*l - 614. What is y(-6)?
-194
Let x(f) = 2*f**3 - 16*f**2 - 22*f - 20. Give x(10).
160
Let q(j) = -j**3 + 8*j**2 + 23*j + 22. Determine q(8).
206
Let v(u) = -36*u + 627. What is v(22)?
-165
Let o(q) = -270*q + 2639. Determine o(10).
-61
Let g(q) = 748*q - 7435. Determine g(10).
45
Let j(t) = t**3 - 341*t**2 - 1718*t + 27. Determine j(-5).
-33
Let l(t) = t**3 - 2*t**2 + 13*t - 5. Calculate l(5).
135
Let x(u) = -3*u**2 - 154*u + 1197. Determine x(-58).
37
Let h(t) = t**2 - 56*t - 796. What is h(-12)?
20
Let x(a) = -5*a**2 - 41*a + 19. What is x(-6)?
85
Let s(l) = 89*l - 33. Give s(2).
145
Let f(g) = g**2 + 47*g + 368. What is f(-40)?
88
Let h(t) = -2*t**3 - 39*t**2 - 23*t - 84. Calculate h(-19).
-8
Let y(d) = 31*d - 410. Give y(13).
-7
Let w(c) = -5*c**2 + 59*c + 31. Give w(12).
19
Let b(p) = -4*p - 7. What is b(-11)?
37
Let b(w) = 3*w**2 + 28*w - 279. Give b(8).
137
Let w(i) = 24*i - 1117. Give w(52).
131
Let n(g) = g**2 - 4*g + 39. Calculate n(16).
231
Let x(g) = g**3 - 95*g**2 - 199*g + 497. Determine x(97).
12
Let f(k) = k - 22. Calculate f(21).
-1
Let p(h) = h**2 - 38*h + 187. Give p(5).
22
Let x(o) = 4*o**3 + 34*o**2 + 17*o - 17. Give x(-8).
-25
Let x(d) = 56*d - 757. Give x(13).
-29
Let b(y) = 54*y - 3017. What is b(60)?
223
Let c(x) = -212*x - 2964. Calculate c(-14).
4
Let c(q) = -2*q**3 + 20*q**2 + 42*q + 60. Calculate c(12).
-12
Let t(m) = m**2 - 132*m - 25. Give t(132).
-25
Let b(s) = s**3 + 11*s**2 - 13*s + 10. Calculate b(-11).
153
Let r(b) = 2*b**2 + 24*b - 160. What is r(4)?
-32
Let c(y) = y**3 - 43*y**2 - 47*y + 140. Give c(44).
8
Let x(v) = -v**3 - 2*v**2 - 17*v + 72. Calculate x(4).
-92
Let n(k) = -k**2 - 60*k - 885. Give n(-25).
-10
Let b(g) = -27*g + 273. Determine b(7).
84
Let j(g) = g**3 + 9*g**2 - 12*g + 27. Give j(-11).
-83
Let h(j) = -j**3 - 54*j**2 + 64*j + 492. Give h(-55).
-3
Let f(m) = -m**3 - 64*m**2 + m + 64. Give f(-64).
0
Let u(o) = 2*o**3 + 6*o**2 - 5*o - 4. What is u(2)?
26
Let g(d) = 775*d - 3125. Determine g(5).
750
Let a(s) = 4*s**2 - s - 38. Give a(4).
22
Let p(c) = -4*c**2 - 94*c - 193. Calculate p(-2).
-21
Let k(f) = 24*f**2 - 25*f + 22. Determine k(1).
21
Let c(l) = -l**3 - 4*l**2 - 735*l - 1474. Give c(-2).
-12
Let a(g) = 2*g + 1. Calculate a(-33).
-65
Let y(m) = -m**3 + 7*m**2 - 4*m + 47. Calculate y(8).
-49
Let i(w) = -98*w**2 - 4*w + 1. Give i(1).
-101
Let o(f) = 10*f**2 + 215*f + 125. Determine o(-21).
20
Let h(k) = 2*k**2 - 114*k - 476. Determine h(61).
12
Let i(d) = 1454*d + 7272. What is i(-5)?
2
Let k(o) = -2*o**3 + 146*o**2 + 252*o - 7688. Give k(74).
8
Let p(l) = -30*l**2 - 15*l - 20. Calculate p(-2).
-110
Let o(z) = -z**3 + 33*z**2 - 198*z + 11. Determine o(24).
443
Let z(o) = -o**3 + 16*o**2 - 32*o + 2. Determine z(15).
-253
Let t(q) = -q**3 + 29*q**2 - 30*q + 47. What is t(28)?
-9
Let a(n) = 6924*n + 20778. Give a(-3).
6
Let f(w) = -w**2 - 35*w - 300. Give f(-21).
-6
Let b(w) = 3*w**3 - 10*w**2 + 44*w - 78. What is b(5)?
267
Let a(k) = -k**3 - 50*k**2 + 219*k - 75. What is a(-54)?
-237
Let f(m) = 31*m + 219. Determine f(-7).
2
Let p(a) = 2842*a - 139259. Determine p(49).
-1
Let f(x) = 73*x - 7359. Give f(101).
14
Let k(o) = -3*o**2 - 21*o + 140. Calculate k(-13).
-94
Let g(p) = -413*p + 3727. What is g(9)?
10
Let d(g) = 2*g**2 - 8*g + 5. Calculate d(4).
5
Let x(g) = -51*g - 398. Give x(-8).
10
Let m(x) = -5*x - 165. Give m(-20).
-65
Let i(l) = 2*l**3 - 23*l**2 - 51*l - 7. Give i(13).
-163
Let w(t) = -3*t**3 - 9*t**2 + 9*t + 27. Give w(-4).
39
Let a(q) = 3*q**2 - 48*q - 477. Determine a(23).
6
Let t(u) = 11*u - 135. Calculate t(-26).
-421
Let f(d) = -d**3 - 6*d**2 - 9*d - 14. Determine f(-6).
40
Let m(k) = k**3 + 26*k**2 + 48*k - 7. Calculate m(-24).
-7
Let q(u) = 30*u**3 - 577*u**2 + 139*u - 110. What is q(19)?
4
Let q(h) = -h - 67. Calculate q(-11).
-56
Let d(y) = 6*y**3 + 40*y**2 + 26*y + 13. What is d(-6)?
1
Let x(p) = -15*p + 3525. What is x(237)?
-30
Let r(f) = 1537*f - 36889. Give r(24).
-1
Let c(x) = -x**2 - 32*x - 215. Give c(-10).
5
Let l(k) = k**3 + 16*k**2 + 44*k - 10. Calculate l(-13).
-75
Let g(q) = 11*q**2 + 13*q - 124. Give g(3).
14
Let v(w) = -6*w**2 - 40*w + 23. Calculate v(-7).
9
Let g(k) = -782*k - 36. What is g(0)?
-36
Let y(m) = -m**3 - 31*m**2 - 60*m - 54. Calculate y(-29).
4
Let n(j) = 2*j**2 + 5*j - 20. Determine n(-4).
-8
Let q(x) = -2*x**3 + 28*x**2 - 4*x + 32. Determine q(14).
-24
Let z(q) = 2*q**2 - 252*q + 251. Give z(1).
1
Let u(j) = -3*j**3 + j**2 - 10*j + 18. Calculate u(4).
-198
Let b(d) = -d**3 + 16*d**2 - 62*d + 327. Determine b(12).
159
Let i(z) = 585*z - 6389. Give i(11).
46
Let u(j) = j**3 - 4*j**2 - 7*j + 29. Give u(3).
-1
Let g(k) = 6*k**2 + 122*k + 41. Calculate g(-20).
1
Let t(f) = f**2 + 494*f + 9927. Calculate t(-21).
-6
Let o(c) = 3*c**2 - 157*c + 85. Give o(52).
33
Let m(b) = -41*b - 567. Determine m(-19).
212
Let i(y) = y**3 + 19*y**2 - 18*y + 50. What is i(-20)?
10
Let w(c) = -c**2 + 13*c + 11072. Give w(112).
-16
Let u(k) = k**3 - 25*k**2 - 36*k + 396. Determine u(26).
136
Let m(t) = 9*t**2 + 66*t + 177. Determine m(-8).
225
Let j(f) = -f**3 - 73*f**2 - 1326*f + 210. Give j(-37).
-12
Let b(v) = v**3 - 17*v**2 + 45*v + 28. Give b(14).
70
Let f(h) = -8*h + 121. Determine f(11).
33
Let c(d) = -4*d**2 + 168*d - 1611. Calculate c(15).
9
Let i(z) = -2*z**3 + 4*z**2 - 4*z - 4. Calculate i(3).
-34
Let x(w) = w**3 + 11*w**2 - 63*w - 45. Determine x(-15).
0
Let x(l) = l**3 + 11*l**2 + 23*l + 22. What is x(-8)?
30
Let d(o) = o**3 - 38*o**2 + 193*o + 63. Calculate d(32).
95
Let k(w) = -602*w**2 - 6622*w + 3. What is k(-11)?
3
Let n(f) = -f**2 + 36*f - 4. Give n(-4).
-164
Let x(b) = -66*b - 7. Give x(-2).
125
Let g(u) = -u**3 + 29*u**2 - 78*u - 14. Determine g(26).
-14
Let v(z) = 3090*z + 12389. Give v(-4).
29
Let s(o) = -80*o + 7210. Give s(90).
10
Let s(p) = -p**3 + 46*p**2 - 302*p - 11. What is s(8)?
5
Let r(i) = -i**3 + 50*i**2 - 346*i + 96. What is r(8)?
16
Let a(j) = -56*j**2 - 336*j - 3. Determine a(-6).
-3
Let g(n) = n**2 + 23*n + 55. What is g(-24)?
79
Let n(w) = -w**2 + w + 63. What is n(9)?
-9
Let y(g) = 845*g + 2536. Calculate y(-3).
1
Let a(q) = -q**2 - 26*q + 30. Calculate a(-15).
195
Let f(d) = -d**2 - 239*d - 8581. Determine f(-44).
-1
Let u(o) = -o**3 + 52*o**2 - 48*o + 2497. What is u(52)?
1
Let t(x) = 46*x**2 + 31*x + 36. Give t(-4).
648
Let c(f) = 12*f**3 - 43*f**2 - 28*f + 23. Give c(4).
-9
Let y(z) = 306*z + 2463. What is y(-8)?
15
Let o(i) = 21*i**2 - 157*i + 314. What is o(2)?
84
Let l(s) = 192*s - 8238. Give l(43).
18
Let c(n) = -n**2 + 2*n + 180. Calculate c(-17).
-143
Let m(y) = -y**2 - 56*y - 342. Give m(-43).
217
Let d(h) = 23*h - 40. Give d(-2).
-86
Let v(f) = -f**3 + 18*f**2 - 34*f - 453. Give v(12).
3
Let f(k) = -k**3 - 29*k**2 + 78*k + 203. Determine f(-32).
779
Let g(r) = r**2 + 143*r - 10637. Determine g(-197).
1
Let z(p) = 37*p**2 +